{"id":55,"date":"2016-12-23T23:34:35","date_gmt":"2016-12-23T22:34:35","guid":{"rendered":"http:\/\/balintawak-eskrima-concept.de\/?page_id=55"},"modified":"2016-12-23T23:34:35","modified_gmt":"2016-12-23T22:34:35","slug":"unser-stil","status":"publish","type":"page","link":"https:\/\/balintawak.de\/?page_id=55","title":{"rendered":"Unser Stil"},"content":{"rendered":"<div align=\"justify\">Das &#8218;Balintawak Eskrima Concept&#8216; ist ein pers\u00f6nlicher Stil, der von den beiden Br\u00fcdern Oliver und Ren\u00e9 Reitz entwickelt und gelehrt wird.<\/p>\n<p>Die Basis ist das klassische Balintawak mit seinen Kampfstrategien und -prinzipien, seinen Theorien und Konzepten, die die beiden \u00fcber 20 Jahre erlernt und als Lehrer in ihren Schulen bzw. in zahlreichen Seminaren im In- und Ausland unterrichtet haben. Es wird praxisorientiert gearbeitet &#8211; ohne jedoch den klassischen Weg des Balintwak zu verlassen!<\/p>\n<p>Durch den regelm\u00e4\u00dfigen Vergleich mit anderen asiatischen und europ\u00e4ischen Kampfk\u00fcnsten flie\u00dfen nat\u00fcrlich auch entsprechende Elemente und Erfahrungen in das &#8218;Balintawak Eskrima Concept&#8216; mit ein.<\/p>\n<p>Gelehrt, trainiert und vermittelt werden unter anderem:<\/p>\n<p>Olisi (Einzelstock)<br \/>\nSinawali oder Doble Olisi (Doppelstock)<br \/>\nKinamutay (Gebrauch der leeren Hand)<br \/>\nSuntokan (Philippinisches Boxen)<br \/>\nSikaran (Kunst des Tretens)<br \/>\nSibat (Langstock)<br \/>\nBaraway (Messerkampf)<\/p><\/div>\n<p>&nbsp;<\/p>\n","protected":false},"excerpt":{"rendered":"<p>Das &#8218;Balintawak Eskrima Concept&#8216; ist ein pers\u00f6nlicher Stil, der von den beiden Br\u00fcdern Oliver und Ren\u00e9 Reitz entwickelt und gelehrt wird. Die Basis ist das klassische Balintawak mit seinen Kampfstrategien und -prinzipien, seinen Theorien und Konzepten, die die beiden \u00fcber 20 Jahre erlernt und als Lehrer in ihren Schulen bzw. in zahlreichen Seminaren im In- &#8230; <a title=\"Unser Stil\" class=\"read-more\" href=\"https:\/\/balintawak.de\/?page_id=55\" aria-label=\"Mehr dazu unter Unser Stil\">Weiterlesen<\/a><\/p>\n","protected":false},"author":1,"featured_media":0,"parent":0,"menu_order":0,"comment_status":"closed","ping_status":"closed","template":"","meta":{"footnotes":""},"class_list":["post-55","page","type-page","status-publish"],"_links":{"self":[{"href":"https:\/\/balintawak.de\/index.php?rest_route=\/wp\/v2\/pages\/55","targetHints":{"allow":["GET"]}}],"collection":[{"href":"https:\/\/balintawak.de\/index.php?rest_route=\/wp\/v2\/pages"}],"about":[{"href":"https:\/\/balintawak.de\/index.php?rest_route=\/wp\/v2\/types\/page"}],"author":[{"embeddable":true,"href":"https:\/\/balintawak.de\/index.php?rest_route=\/wp\/v2\/users\/1"}],"replies":[{"embeddable":true,"href":"https:\/\/balintawak.de\/index.php?rest_route=%2Fwp%2Fv2%2Fcomments&post=55"}],"version-history":[{"count":2,"href":"https:\/\/balintawak.de\/index.php?rest_route=\/wp\/v2\/pages\/55\/revisions"}],"predecessor-version":[{"id":69,"href":"https:\/\/balintawak.de\/index.php?rest_route=\/wp\/v2\/pages\/55\/revisions\/69"}],"wp:attachment":[{"href":"https:\/\/balintawak.de\/index.php?rest_route=%2Fwp%2Fv2%2Fmedia&parent=55"}],"curies":[{"name":"wp","href":"https:\/\/api.w.org\/{rel}","templated":true}]}}